{"id":255,"date":"2017-05-17T13:17:32","date_gmt":"2017-05-17T11:17:32","guid":{"rendered":"http:\/\/www.madi.at\/moon3\/?page_id=255"},"modified":"2019-09-10T12:39:50","modified_gmt":"2019-09-10T10:39:50","slug":"duo-moonfire-bei-deiner-hochzeit","status":"publish","type":"page","link":"http:\/\/www.moonfire.at\/?page_id=255","title":{"rendered":"MOONFIRE bei deiner Hochzeit"},"content":{"rendered":"<h2 style=\"text-align: center;\"><strong>Kirchliche Trauung<\/strong><\/h2>\n<p style=\"text-align: justify;\">Wir gestalten eure kirchliche Trauung mit den sch\u00f6nsten Balladen der Musikgeschichte und helfen euch bei der richtigen Songauswahl f\u00fcr euren gro\u00dfen Moment. Klassische Lieder wie &#8222;Ave Maria&#8220; oder die traditionellen Hochzeitseinz\u00fcge haben wir genauso im Programm, wie aktuelle Lovesongs, die eure Hochzeit unvergesslich machen. Wir vermitteln gerne zwischen Pfarrer und Hochzeitspaar, falls ihr das w\u00fcnscht. Den genauen Ablauf f\u00fcr eure kirchliche Trauung\u00a0haben\u00a0wir\u00a0im nachfolgendem Link zusammengestellt.\u00a0&#8211; Link hier &#8211;&gt;\u00a0(<a href=\"http:\/\/www.moonfire.at\/wp-content\/uploads\/2019\/09\/Ablauf-Trauung.pdf\">ablauf-trauung<\/a>). &#8211; 2 ausgebildete Stimmen, Keyboard, Gitarre und Djembe sind unsere Instrumente f\u00fcr den Feeling-Moment und unser professionelles technisches Equipment unterst\u00fctzt uns dabei. Falls euer pers\u00f6nliches Wunschlied nicht in unserem Programm zu finden ist, studieren wir dieses nat\u00fcrlich gerne ohne Aufpreis f\u00fcr euch ein.<\/p>\n<p>\u00a0\u00a0 <img decoding=\"async\" loading=\"lazy\" class=\"wp-image-33 aligncenter\" src=\"http:\/\/www.madi.at\/moon3\/wp-content\/uploads\/2016\/10\/DSC_5398-e1475879499168-199x300.jpg\" alt=\"dsc_5398\" width=\"216\" height=\"325\" srcset=\"http:\/\/www.moonfire.at\/wp-content\/uploads\/2016\/10\/DSC_5398-e1475879499168-199x300.jpg 199w, http:\/\/www.moonfire.at\/wp-content\/uploads\/2016\/10\/DSC_5398-e1475879499168-768x1160.jpg 768w, http:\/\/www.moonfire.at\/wp-content\/uploads\/2016\/10\/DSC_5398-e1475879499168-678x1024.jpg 678w\" sizes=\"(max-width: 216px) 100vw, 216px\" \/><img decoding=\"async\" loading=\"lazy\" class=\"wp-image-71 aligncenter\" src=\"http:\/\/www.madi.at\/moon3\/wp-content\/uploads\/2016\/10\/IMG_20161008_133430-300x225.jpg\" alt=\"dav\" width=\"461\" height=\"346\" srcset=\"http:\/\/www.moonfire.at\/wp-content\/uploads\/2016\/10\/IMG_20161008_133430-300x225.jpg 300w, http:\/\/www.moonfire.at\/wp-content\/uploads\/2016\/10\/IMG_20161008_133430-768x576.jpg 768w, http:\/\/www.moonfire.at\/wp-content\/uploads\/2016\/10\/IMG_20161008_133430-1024x768.jpg 1024w\" sizes=\"(max-width: 461px) 100vw, 461px\" \/><\/p>\n<h2 style=\"text-align: center;\"><strong>Standesamtliche Trauung<\/strong><\/h2>\n<p style=\"text-align: justify;\">Bei der standesamtlichen Trauung ist die Musik genauso wichtig, denn sie rundet euren gro\u00dfen Moment ab.<br \/>\nHier steht euch die gesamte Bandbreite an Liedern zur Verf\u00fcgung, die ins Herz gehen und eure Liebe gl\u00e4nzen lassen sollen. Falls euer pers\u00f6nliches Wunschlied nicht in unserem Programm zu finden ist, studieren wir dieses nat\u00fcrlich gerne ohne Aufpreis f\u00fcr euch ein.<br \/>\nLovesongs zum Einzug, nach der Trauung euer Wunschlied, instrumentale Hintergrundmusik beim Unterschreiben und eine fetzige Nummer zum Auszug&#8230; so k\u00f6nnte euer Ablauf aussehen&#8230; oder&#8230;. ihr habt andere W\u00fcnsche&#8230;.teilt uns diese mit!<\/p>\n<p><img decoding=\"async\" loading=\"lazy\" class=\"size-medium wp-image-38 aligncenter\" src=\"http:\/\/www.madi.at\/moon3\/wp-content\/uploads\/2016\/10\/DSC_2885-200x300.jpg\" alt=\"dsc_2885\" width=\"200\" height=\"300\" srcset=\"http:\/\/www.moonfire.at\/wp-content\/uploads\/2016\/10\/DSC_2885-200x300.jpg 200w, http:\/\/www.moonfire.at\/wp-content\/uploads\/2016\/10\/DSC_2885-768x1152.jpg 768w, http:\/\/www.moonfire.at\/wp-content\/uploads\/2016\/10\/DSC_2885-683x1024.jpg 683w, http:\/\/www.moonfire.at\/wp-content\/uploads\/2016\/10\/DSC_2885.jpg 1424w\" sizes=\"(max-width: 200px) 100vw, 200px\" \/><\/p>\n<h2 style=\"text-align: center;\"><\/h2>\n<h2 style=\"text-align: center;\"><strong>Tanz-, Party- und Unterhaltungsmusik f\u00fcr den Abend<\/strong><\/h2>\n<p>Tanzen bis in der Fr\u00fch &#8211; Musik f\u00fcr Jung und Alt! Der Abend einer Hochzeit kann auf viele verschiedene Arten gestaltet werden. Wir bieten den Abend LIVE im Duo oder als DJ an, d.h. ihr genie\u00dft unsere Erfahrung zu einer gelungenen Hochzeit egal ob mit oder ohne Live-Gesang!<\/p>\n<p><span style=\"text-decoration: underline;\">So ein Abend will durchdacht sein, deshalb gibt&#8217;s hier schon ein paar Anregungen und Punkte, welche wir anbieten:<\/span><\/p>\n<p>Moderation durch den Abend (Essen, Torte, Kranzlabtanzen, Brautstehlen usw. falls gew\u00fcnscht &#8211; immer mit den passenden Liedern dazu), hereinspielen des Hochzeitspaares an die Tafel, Hochzeitsspiele jeglicher Art (Kutscher, Reise nach Jerusalem &#8211; Hochzeitsversion, Gockelspiel, Fragespiele, Tanzspiele usw. &#8211; werden bei der Besprechung fixiert), Partyanimation, Live-Musik mit 2 tollen Stimmen, f\u00fcr Ansprachen steht immer ein Mikro zur Verf\u00fcgung\u00a0und und und &#8230; ! W\u00fcnsch dir was! &#8211; Unser Wunschkonzert wird gerne von der Hochzeits- oder Feiergesellschaft genutzt &#8211; man kann sich aus unserem Repertoire Musiktitel w\u00fcnschen und wir erf\u00fcllen diese nat\u00fcrlich prompt. \u00dcberraschung f\u00fcr das Hochzeitspaar\u00a0???\u00a0ihr wollt\u00a0wissen worum es geht\u00a0&#8211; lasst euch \u00fcberraschen und kontaktiert uns!!!<\/p>\n<p style=\"text-align: justify;\"><img decoding=\"async\" loading=\"lazy\" class=\"wp-image-66 aligncenter\" src=\"http:\/\/www.madi.at\/moon3\/wp-content\/uploads\/2016\/10\/15.5.2015-Breyl-Hochzeit-21-e1476540665433-180x300.jpg\" alt=\"15-5-2015-breyl-hochzeit-21\" width=\"313\" height=\"521\" srcset=\"http:\/\/www.moonfire.at\/wp-content\/uploads\/2016\/10\/15.5.2015-Breyl-Hochzeit-21-e1476540665433-180x300.jpg 180w, http:\/\/www.moonfire.at\/wp-content\/uploads\/2016\/10\/15.5.2015-Breyl-Hochzeit-21-e1476540665433-768x1280.jpg 768w, http:\/\/www.moonfire.at\/wp-content\/uploads\/2016\/10\/15.5.2015-Breyl-Hochzeit-21-e1476540665433-614x1024.jpg 614w, http:\/\/www.moonfire.at\/wp-content\/uploads\/2016\/10\/15.5.2015-Breyl-Hochzeit-21-e1476540665433.jpg 1536w\" sizes=\"(max-width: 313px) 100vw, 313px\" \/><img decoding=\"async\" loading=\"lazy\" class=\"wp-image-67 aligncenter\" src=\"http:\/\/www.madi.at\/moon3\/wp-content\/uploads\/2016\/10\/DSC_7172-300x199.jpg\" alt=\"dsc_7172\" width=\"485\" height=\"322\" srcset=\"http:\/\/www.moonfire.at\/wp-content\/uploads\/2016\/10\/DSC_7172-300x199.jpg 300w, http:\/\/www.moonfire.at\/wp-content\/uploads\/2016\/10\/DSC_7172-768x509.jpg 768w, http:\/\/www.moonfire.at\/wp-content\/uploads\/2016\/10\/DSC_7172-1024x678.jpg 1024w\" sizes=\"(max-width: 485px) 100vw, 485px\" \/><\/p>\n<h2><\/h2>\n<h2 style=\"text-align: center;\"><strong>LIVE-MUSIK oder DJ?<br \/>\nWarum nicht BEIDES &#8211; MOoNFiRE &#8211; LIVE&amp;DJ<br \/>\n<\/strong><\/h2>\n<p align=\"LEFT\"><span style=\"color: #191e23;\"><span style=\"font-family: Noto Serif;\"><span style=\"font-size: medium;\">Ihr wollt flexibel sein? K\u00f6nnt euch aber nicht entscheiden ob ihr LIVE-MUSIKER oder einen DJ engagieren wollt? Und beides w\u00fcrde euer Budget sprengen!<\/span><\/span><\/span><\/p>\n<p><span style=\"font-family: Noto Serif;\">Nicht bei uns<span style=\"color: #191e23;\"><span style=\"font-size: medium;\">! Wir machen es m\u00f6glich!!<\/span><\/span><\/span><\/p>\n<p style=\"text-align: center;\" align=\"LEFT\"><span style=\"font-family: Noto Serif;\"><span style=\"color: #191e23;\"><span style=\"font-size: medium;\"><strong>MOONFIRE &#8211; LIVE&amp;DJ<\/strong><\/span><\/span><\/span><\/p>\n<p align=\"LEFT\"><span style=\"color: #191e23;\"><span style=\"font-family: Noto Serif;\"><span style=\"font-size: medium;\">Zuerst begeistern wir mit unserer LIVE-Musik (wie oben nachzulesen) eure G\u00e4ste und dann spielen wir im PARTY\/DJ-Teil eurer Hochzeit Musikw\u00fcnsche der letzten 60 Musikjahrzehnte, damit bis in der Fr\u00fch gefeiert werden kann. Professionelles DJ-Equipment ist nat\u00fcrlich dabei und auch f\u00fcr W\u00dcNSCHE haben wir immer ein offenes Ohr. Auch dieser Bereich eurer Hochzeit wird bei einer umfangreichen Besprechung genau nach euren W\u00fcnschen und Ideen umgesetzt.<\/span><\/span><\/span><br \/>\n<span style=\"color: #191e23;\"><span style=\"font-family: Noto Serif;\"><span style=\"font-size: medium;\">Zuverl\u00e4ssigkeit, kompetentes Auftreten und ein gewisses Gesp\u00fcr f\u00fcr Musik!<\/span><\/span><\/span><br \/>\n<span style=\"color: #191e23;\"><span style=\"font-family: Noto Serif;\"><span style=\"font-size: medium;\">Bei uns seid ihr richtig.\u00a0<\/span><\/span><\/span><\/p>\n<figure id=\"attachment_320\" aria-describedby=\"caption-attachment-320\" style=\"width: 515px\" class=\"wp-caption aligncenter\"><img decoding=\"async\" loading=\"lazy\" class=\"wp-image-320\" src=\"http:\/\/www.moonfire.at\/wp-content\/uploads\/2019\/09\/DJ1-300x225.jpg\" alt=\"\" width=\"515\" height=\"386\" srcset=\"http:\/\/www.moonfire.at\/wp-content\/uploads\/2019\/09\/DJ1-300x225.jpg 300w, http:\/\/www.moonfire.at\/wp-content\/uploads\/2019\/09\/DJ1-768x576.jpg 768w, http:\/\/www.moonfire.at\/wp-content\/uploads\/2019\/09\/DJ1-1024x768.jpg 1024w\" sizes=\"(max-width: 515px) 100vw, 515px\" \/><figcaption id=\"caption-attachment-320\" class=\"wp-caption-text\">dav<\/figcaption><\/figure>\n<figure id=\"attachment_321\" aria-describedby=\"caption-attachment-321\" style=\"width: 287px\" class=\"wp-caption aligncenter\"><img decoding=\"async\" loading=\"lazy\" class=\" wp-image-321\" src=\"http:\/\/www.moonfire.at\/wp-content\/uploads\/2019\/09\/DJ2-225x300.jpg\" alt=\"\" width=\"287\" height=\"383\" srcset=\"http:\/\/www.moonfire.at\/wp-content\/uploads\/2019\/09\/DJ2-225x300.jpg 225w, http:\/\/www.moonfire.at\/wp-content\/uploads\/2019\/09\/DJ2-768x1024.jpg 768w\" sizes=\"(max-width: 287px) 100vw, 287px\" \/><figcaption id=\"caption-attachment-321\" class=\"wp-caption-text\">dav<\/figcaption><\/figure>\n<p align=\"LEFT\">\n<p align=\"LEFT\">\n","protected":false},"excerpt":{"rendered":"<p>Kirchliche Trauung Wir gestalten eure kirchliche Trauung mit den sch\u00f6nsten Balladen der Musikgeschichte und helfen euch bei der richtigen Songauswahl f\u00fcr euren gro\u00dfen Moment. Klassische Lieder wie &#8222;Ave Maria&#8220; oder die traditionellen Hochzeitseinz\u00fcge haben wir genauso im Programm, wie aktuelle Lovesongs, die eure Hochzeit unvergesslich machen. Wir vermitteln gerne zwischen Pfarrer und Hochzeitspaar, falls ihr das w\u00fcnscht. Den genauen Ablauf f\u00fcr eure kirchliche Trauung\u00a0haben\u00a0wir\u00a0im nachfolgendem Link zusammengestellt.\u00a0&#8211; Link hier &#8211;&gt;\u00a0(ablauf-trauung). &#8211; 2 ausgebildete Stimmen, Keyboard, Gitarre und Djembe sind unsere Instrumente f\u00fcr den Feeling-Moment und unser professionelles technisches Equipment unterst\u00fctzt uns dabei. Falls euer pers\u00f6nliches Wunschlied nicht in unserem Programm zu finden ist, studieren wir dieses nat\u00fcrlich gerne ohne Aufpreis f\u00fcr euch ein. \u00a0\u00a0 Standesamtliche Trauung Bei der standesamtlichen Trauung ist die Musik genauso wichtig, denn sie rundet euren gro\u00dfen Moment ab. Hier steht euch die gesamte Bandbreite an Liedern zur Verf\u00fcgung, die ins Herz gehen und eure Liebe gl\u00e4nzen lassen sollen. Falls euer pers\u00f6nliches Wunschlied nicht in unserem Programm zu finden ist, studieren wir dieses nat\u00fcrlich gerne ohne Aufpreis f\u00fcr euch ein. Lovesongs zum Einzug, nach der Trauung euer Wunschlied, instrumentale Hintergrundmusik beim Unterschreiben und eine fetzige Nummer zum Auszug&#8230; so k\u00f6nnte euer Ablauf aussehen&#8230; oder&#8230;. ihr habt andere W\u00fcnsche&#8230;.teilt uns diese mit! Tanz-, Party- und Unterhaltungsmusik f\u00fcr den Abend Tanzen bis in der Fr\u00fch &#8211; Musik f\u00fcr Jung und Alt! Der Abend einer Hochzeit kann auf viele verschiedene Arten gestaltet werden. Wir bieten den Abend LIVE im Duo oder als DJ an, d.h. ihr genie\u00dft unsere Erfahrung zu einer gelungenen Hochzeit egal ob mit oder ohne Live-Gesang! So ein Abend will durchdacht sein, deshalb gibt&#8217;s hier schon ein paar Anregungen und Punkte, welche wir anbieten: Moderation durch den Abend (Essen, Torte, Kranzlabtanzen, Brautstehlen usw. falls gew\u00fcnscht &#8211; immer mit den passenden Liedern dazu), hereinspielen des Hochzeitspaares an die Tafel, Hochzeitsspiele jeglicher Art (Kutscher, Reise nach Jerusalem &#8211; Hochzeitsversion, Gockelspiel, Fragespiele, Tanzspiele usw. &#8211; werden bei der Besprechung fixiert), Partyanimation, Live-Musik mit 2 tollen Stimmen, f\u00fcr Ansprachen steht immer ein Mikro zur Verf\u00fcgung\u00a0und und und &#8230; ! W\u00fcnsch dir was! &#8211; Unser Wunschkonzert wird gerne von der Hochzeits- oder Feiergesellschaft genutzt &#8211; man kann sich aus unserem Repertoire Musiktitel w\u00fcnschen und wir erf\u00fcllen diese nat\u00fcrlich prompt. \u00dcberraschung f\u00fcr das Hochzeitspaar\u00a0???\u00a0ihr wollt\u00a0wissen worum es geht\u00a0&#8211; lasst euch \u00fcberraschen und kontaktiert uns!!! LIVE-MUSIK oder DJ? Warum nicht BEIDES &#8211; MOoNFiRE &#8211; LIVE&amp;DJ Ihr wollt flexibel sein? K\u00f6nnt euch aber nicht entscheiden ob ihr LIVE-MUSIKER oder einen DJ engagieren wollt? Und beides w\u00fcrde euer Budget sprengen! Nicht bei uns! Wir machen es m\u00f6glich!! MOONFIRE &#8211; LIVE&amp;DJ Zuerst begeistern wir mit unserer LIVE-Musik (wie oben nachzulesen) eure G\u00e4ste und dann spielen wir im PARTY\/DJ-Teil eurer Hochzeit Musikw\u00fcnsche der letzten 60 Musikjahrzehnte, damit bis in der Fr\u00fch gefeiert werden kann. Professionelles DJ-Equipment ist nat\u00fcrlich dabei und auch f\u00fcr W\u00dcNSCHE haben wir immer ein offenes Ohr. Auch dieser Bereich eurer Hochzeit wird bei einer umfangreichen Besprechung genau nach euren W\u00fcnschen und Ideen umgesetzt. Zuverl\u00e4ssigkeit, kompetentes Auftreten und ein gewisses Gesp\u00fcr f\u00fcr Musik! Bei uns seid ihr richtig.\u00a0<\/p>\n","protected":false},"author":1,"featured_media":0,"parent":0,"menu_order":0,"comment_status":"closed","ping_status":"closed","template":"","meta":{"footnotes":""},"amp_enabled":true,"_links":{"self":[{"href":"http:\/\/www.moonfire.at\/index.php?rest_route=\/wp\/v2\/pages\/255"}],"collection":[{"href":"http:\/\/www.moonfire.at\/index.php?rest_route=\/wp\/v2\/pages"}],"about":[{"href":"http:\/\/www.moonfire.at\/index.php?rest_route=\/wp\/v2\/types\/page"}],"author":[{"embeddable":true,"href":"http:\/\/www.moonfire.at\/index.php?rest_route=\/wp\/v2\/users\/1"}],"replies":[{"embeddable":true,"href":"http:\/\/www.moonfire.at\/index.php?rest_route=%2Fwp%2Fv2%2Fcomments&post=255"}],"version-history":[{"count":6,"href":"http:\/\/www.moonfire.at\/index.php?rest_route=\/wp\/v2\/pages\/255\/revisions"}],"predecessor-version":[{"id":353,"href":"http:\/\/www.moonfire.at\/index.php?rest_route=\/wp\/v2\/pages\/255\/revisions\/353"}],"wp:attachment":[{"href":"http:\/\/www.moonfire.at\/index.php?rest_route=%2Fwp%2Fv2%2Fmedia&parent=255"}],"curies":[{"name":"wp","href":"https:\/\/api.w.org\/{rel}","templated":true}]}}